{"id":30,"date":"2022-03-24T16:20:44","date_gmt":"2022-03-24T16:20:44","guid":{"rendered":"http:\/\/arqci.com.ar\/?page_id=30"},"modified":"2026-03-12T12:51:06","modified_gmt":"2026-03-12T12:51:06","slug":"contacto","status":"publish","type":"page","link":"https:\/\/arqci.com.ar\/index.php\/contacto\/","title":{"rendered":"Contacto"},"content":{"rendered":"\t\t<div data-elementor-type=\"wp-page\" data-elementor-id=\"30\" class=\"elementor elementor-30\" data-elementor-settings=\"{&quot;ha_cmc_init_switcher&quot;:&quot;no&quot;,&quot;element_pack_global_tooltip_width&quot;:{&quot;unit&quot;:&quot;px&quot;,&quot;size&quot;:&quot;&quot;,&quot;sizes&quot;:[]},&quot;element_pack_global_tooltip_width_tablet&quot;:{&quot;unit&quot;:&quot;px&quot;,&quot;size&quot;:&quot;&quot;,&quot;sizes&quot;:[]},&quot;element_pack_global_tooltip_width_mobile&quot;:{&quot;unit&quot;:&quot;px&quot;,&quot;size&quot;:&quot;&quot;,&quot;sizes&quot;:[]},&quot;element_pack_global_tooltip_padding&quot;:{&quot;unit&quot;:&quot;px&quot;,&quot;top&quot;:&quot;&quot;,&quot;right&quot;:&quot;&quot;,&quot;bottom&quot;:&quot;&quot;,&quot;left&quot;:&quot;&quot;,&quot;isLinked&quot;:true},&quot;element_pack_global_tooltip_padding_tablet&quot;:{&quot;unit&quot;:&quot;px&quot;,&quot;top&quot;:&quot;&quot;,&quot;right&quot;:&quot;&quot;,&quot;bottom&quot;:&quot;&quot;,&quot;left&quot;:&quot;&quot;,&quot;isLinked&quot;:true},&quot;element_pack_global_tooltip_padding_mobile&quot;:{&quot;unit&quot;:&quot;px&quot;,&quot;top&quot;:&quot;&quot;,&quot;right&quot;:&quot;&quot;,&quot;bottom&quot;:&quot;&quot;,&quot;left&quot;:&quot;&quot;,&quot;isLinked&quot;:true},&quot;element_pack_global_tooltip_border_radius&quot;:{&quot;unit&quot;:&quot;px&quot;,&quot;top&quot;:&quot;&quot;,&quot;right&quot;:&quot;&quot;,&quot;bottom&quot;:&quot;&quot;,&quot;left&quot;:&quot;&quot;,&quot;isLinked&quot;:true},&quot;element_pack_global_tooltip_border_radius_tablet&quot;:{&quot;unit&quot;:&quot;px&quot;,&quot;top&quot;:&quot;&quot;,&quot;right&quot;:&quot;&quot;,&quot;bottom&quot;:&quot;&quot;,&quot;left&quot;:&quot;&quot;,&quot;isLinked&quot;:true},&quot;element_pack_global_tooltip_border_radius_mobile&quot;:{&quot;unit&quot;:&quot;px&quot;,&quot;top&quot;:&quot;&quot;,&quot;right&quot;:&quot;&quot;,&quot;bottom&quot;:&quot;&quot;,&quot;left&quot;:&quot;&quot;,&quot;isLinked&quot;:true}}\" data-elementor-post-type=\"page\">\n\t\t\t\t\t\t<section data-particle_enable=\"false\" data-particle-mobile-disabled=\"false\" class=\"elementor-section elementor-top-section elementor-element elementor-element-a4add72 elementor-section-boxed elementor-section-height-default elementor-section-height-default\" data-id=\"a4add72\" data-element_type=\"section\" data-e-type=\"section\" data-settings=\"{&quot;_ha_eqh_enable&quot;:false}\">\n\t\t\t\t\t\t<div class=\"elementor-container elementor-column-gap-default\">\n\t\t\t\t\t<div class=\"elementor-column elementor-col-50 elementor-top-column elementor-element elementor-element-e7d8e1f\" data-id=\"e7d8e1f\" data-element_type=\"column\" data-e-type=\"column\">\n\t\t\t<div class=\"elementor-widget-wrap elementor-element-populated\">\n\t\t\t\t\t\t<div class=\"elementor-element elementor-element-7dcb128 elementor-mobile-align-center elementor-icon-list--layout-traditional elementor-list-item-link-full_width elementor-widget elementor-widget-icon-list\" data-id=\"7dcb128\" data-element_type=\"widget\" data-e-type=\"widget\" data-widget_type=\"icon-list.default\">\n\t\t\t\t<div class=\"elementor-widget-container\">\n\t\t\t\t\t\t\t<ul class=\"elementor-icon-list-items\">\n\t\t\t\t\t\t\t<li class=\"elementor-icon-list-item\">\n\t\t\t\t\t\t\t\t\t\t\t<span class=\"elementor-icon-list-icon\">\n\t\t\t\t\t\t\t<i aria-hidden=\"true\" class=\"fas fa-map-marker-alt\"><\/i>\t\t\t\t\t\t<\/span>\n\t\t\t\t\t\t\t\t\t\t<span class=\"elementor-icon-list-text\"> Mexico 871 3\u00b0 Piso oficina 13 - Caba<\/span>\n\t\t\t\t\t\t\t\t\t<\/li>\n\t\t\t\t\t\t\t\t<li class=\"elementor-icon-list-item\">\n\t\t\t\t\t\t\t\t\t\t\t<span class=\"elementor-icon-list-icon\">\n\t\t\t\t\t\t\t<i aria-hidden=\"true\" class=\"fas fa-phone-alt\"><\/i>\t\t\t\t\t\t<\/span>\n\t\t\t\t\t\t\t\t\t\t<span class=\"elementor-icon-list-text\">011- 5627 - 4999<\/span>\n\t\t\t\t\t\t\t\t\t<\/li>\n\t\t\t\t\t\t\t\t<li class=\"elementor-icon-list-item\">\n\t\t\t\t\t\t\t\t\t\t\t<span class=\"elementor-icon-list-icon\">\n\t\t\t\t\t\t\t<i aria-hidden=\"true\" class=\"fab fa-whatsapp\"><\/i>\t\t\t\t\t\t<\/span>\n\t\t\t\t\t\t\t\t\t\t<span class=\"elementor-icon-list-text\">011-4062-0904<\/span>\n\t\t\t\t\t\t\t\t\t<\/li>\n\t\t\t\t\t\t<\/ul>\n\t\t\t\t\t\t<\/div>\n\t\t\t\t<\/div>\n\t\t\t\t\t<\/div>\n\t\t<\/div>\n\t\t\t\t<div class=\"elementor-column elementor-col-50 elementor-top-column elementor-element elementor-element-b39dbfb\" data-id=\"b39dbfb\" data-element_type=\"column\" data-e-type=\"column\">\n\t\t\t<div class=\"elementor-widget-wrap elementor-element-populated\">\n\t\t\t\t\t\t<div class=\"elementor-element elementor-element-00bae88 elementor-widget elementor-widget-google_maps\" data-id=\"00bae88\" data-element_type=\"widget\" data-e-type=\"widget\" data-widget_type=\"google_maps.default\">\n\t\t\t\t<div class=\"elementor-widget-container\">\n\t\t\t\t\t\t\t<div class=\"elementor-custom-embed\">\n\t\t\t<iframe loading=\"lazy\"\n\t\t\t\t\tsrc=\"https:\/\/maps.google.com\/maps?q=Mexico%20871%20caba&#038;t=m&#038;z=10&#038;output=embed&#038;iwloc=near\"\n\t\t\t\t\ttitle=\"Mexico 871 caba\"\n\t\t\t\t\taria-label=\"Mexico 871 caba\"\n\t\t\t><\/iframe>\n\t\t<\/div>\n\t\t\t\t\t\t<\/div>\n\t\t\t\t<\/div>\n\t\t\t\t\t<\/div>\n\t\t<\/div>\n\t\t\t\t\t<\/div>\n\t\t<\/section>\n\t\t\t\t<\/div>\n\t\t","protected":false},"excerpt":{"rendered":"<p>Mexico 871 3\u00b0 Piso oficina 13 &#8211; Caba 011- 5627 &#8211; 4999 011-4062-0904<\/p>\n","protected":false},"author":1,"featured_media":0,"parent":0,"menu_order":0,"comment_status":"closed","ping_status":"closed","template":"","meta":{"site-sidebar-layout":"no-sidebar","site-content-layout":"page-builder","ast-site-content-layout":"default","site-content-style":"default","site-sidebar-style":"default","ast-global-header-display":"","ast-banner-title-visibility":"","ast-main-header-display":"","ast-hfb-above-header-display":"","ast-hfb-below-header-display":"","ast-hfb-mobile-header-display":"","site-post-title":"disabled","ast-breadcrumbs-content":"","ast-featured-img":"disabled","footer-sml-layout":"disabled","ast-disable-related-posts":"","theme-transparent-header-meta":"","adv-header-id-meta":"","stick-header-meta":"","header-above-stick-meta":"","header-main-stick-meta":"","header-below-stick-meta":"","astra-migrate-meta-layouts":"default","ast-page-background-enabled":"default","ast-page-background-meta":{"desktop":{"background-color":"var(--ast-global-color-4)","background-image":"","background-repeat":"repeat","background-position":"center center","background-size":"auto","background-attachment":"scroll","background-type":"","background-media":"","overlay-type":"","overlay-color":"","overlay-opacity":"","overlay-gradient":""},"tablet":{"background-color":"","background-image":"","background-repeat":"repeat","background-position":"center center","background-size":"auto","background-attachment":"scroll","background-type":"","background-media":"","overlay-type":"","overlay-color":"","overlay-opacity":"","overlay-gradient":""},"mobile":{"background-color":"","background-image":"","background-repeat":"repeat","background-position":"center center","background-size":"auto","background-attachment":"scroll","background-type":"","background-media":"","overlay-type":"","overlay-color":"","overlay-opacity":"","overlay-gradient":""}},"ast-content-background-meta":{"desktop":{"background-color":"var(--ast-global-color-5)","background-image":"","background-repeat":"repeat","background-position":"center center","background-size":"auto","background-attachment":"scroll","background-type":"","background-media":"","overlay-type":"","overlay-color":"","overlay-opacity":"","overlay-gradient":""},"tablet":{"background-color":"var(--ast-global-color-5)","background-image":"","background-repeat":"repeat","background-position":"center center","background-size":"auto","background-attachment":"scroll","background-type":"","background-media":"","overlay-type":"","overlay-color":"","overlay-opacity":"","overlay-gradient":""},"mobile":{"background-color":"var(--ast-global-color-5)","background-image":"","background-repeat":"repeat","background-position":"center center","background-size":"auto","background-attachment":"scroll","background-type":"","background-media":"","overlay-type":"","overlay-color":"","overlay-opacity":"","overlay-gradient":""}},"_joinchat":[],"footnotes":""},"class_list":["post-30","page","type-page","status-publish","hentry"],"yoast_head":"<!-- This site is optimized with the Yoast SEO plugin v27.1.1 - https:\/\/yoast.com\/product\/yoast-seo-wordpress\/ -->\n<title>ARQCI | Arquitectura con Instalaciones<\/title>\n<meta name=\"description\" content=\"Es un estudio donde se vincula la t\u00e9cnica y el dise\u00f1o de los edificios. Nos especializamos en resolver proyectos arquitect\u00f3nicos y llevarlos a cabo, considerando en particular las instalaciones, por contar con amplia experiencia en la ejecuci\u00f3n de las mismas. Somos un estudio de arquitectura emprendedor con vocacion de calidad, dise\u00f1o de vanguardia y busqueda de innovacion.Trabajamos con esfuerzo para ser un nuevo referente en la disciplina arquitectonica y lograr cumplir todas las expectativas de nuestros clientes.\" \/>\n<meta name=\"robots\" content=\"index, follow, max-snippet:-1, max-image-preview:large, max-video-preview:-1\" \/>\n<link rel=\"canonical\" href=\"https:\/\/arqci.com.ar\/index.php\/contacto\/\" \/>\n<meta property=\"og:locale\" content=\"es_ES\" \/>\n<meta property=\"og:type\" content=\"article\" \/>\n<meta property=\"og:title\" content=\"ARQCI | Arquitectura con Instalaciones\" \/>\n<meta property=\"og:description\" content=\"Es un estudio donde se vincula la t\u00e9cnica y el dise\u00f1o de los edificios. Nos especializamos en resolver proyectos arquitect\u00f3nicos y llevarlos a cabo, considerando en particular las instalaciones, por contar con amplia experiencia en la ejecuci\u00f3n de las mismas. Somos un estudio de arquitectura emprendedor con vocacion de calidad, dise\u00f1o de vanguardia y busqueda de innovacion.Trabajamos con esfuerzo para ser un nuevo referente en la disciplina arquitectonica y lograr cumplir todas las expectativas de nuestros clientes.\" \/>\n<meta property=\"og:url\" content=\"https:\/\/arqci.com.ar\/index.php\/contacto\/\" \/>\n<meta property=\"og:site_name\" content=\"ARQCI\" \/>\n<meta property=\"article:publisher\" content=\"https:\/\/www.facebook.com\/arqdamianbustamante\/about\" \/>\n<meta property=\"article:modified_time\" content=\"2026-03-12T12:51:06+00:00\" \/>\n<meta property=\"og:image\" content=\"https:\/\/arqci.com.ar\/wp-content\/uploads\/2022\/03\/imagen-predeterminada.png\" \/>\n\t<meta property=\"og:image:width\" content=\"300\" \/>\n\t<meta property=\"og:image:height\" content=\"300\" \/>\n\t<meta property=\"og:image:type\" content=\"image\/png\" \/>\n<meta name=\"twitter:card\" content=\"summary_large_image\" \/>\n<meta name=\"twitter:label1\" content=\"Tiempo de lectura\" \/>\n\t<meta name=\"twitter:data1\" content=\"1 minuto\" \/>\n<script type=\"application\/ld+json\" class=\"yoast-schema-graph\">{\"@context\":\"https:\/\/schema.org\",\"@graph\":[{\"@type\":\"WebPage\",\"@id\":\"https:\/\/arqci.com.ar\/index.php\/contacto\/\",\"url\":\"https:\/\/arqci.com.ar\/index.php\/contacto\/\",\"name\":\"ARQCI | Arquitectura con Instalaciones\",\"isPartOf\":{\"@id\":\"https:\/\/arqci.com.ar\/#website\"},\"datePublished\":\"2022-03-24T16:20:44+00:00\",\"dateModified\":\"2026-03-12T12:51:06+00:00\",\"description\":\"Es un estudio donde se vincula la t\u00e9cnica y el dise\u00f1o de los edificios. Nos especializamos en resolver proyectos arquitect\u00f3nicos y llevarlos a cabo, considerando en particular las instalaciones, por contar con amplia experiencia en la ejecuci\u00f3n de las mismas. Somos un estudio de arquitectura emprendedor con vocacion de calidad, dise\u00f1o de vanguardia y busqueda de innovacion.Trabajamos con esfuerzo para ser un nuevo referente en la disciplina arquitectonica y lograr cumplir todas las expectativas de nuestros clientes.\",\"breadcrumb\":{\"@id\":\"https:\/\/arqci.com.ar\/index.php\/contacto\/#breadcrumb\"},\"inLanguage\":\"es\",\"potentialAction\":[{\"@type\":\"ReadAction\",\"target\":[\"https:\/\/arqci.com.ar\/index.php\/contacto\/\"]}]},{\"@type\":\"BreadcrumbList\",\"@id\":\"https:\/\/arqci.com.ar\/index.php\/contacto\/#breadcrumb\",\"itemListElement\":[{\"@type\":\"ListItem\",\"position\":1,\"name\":\"Home\",\"item\":\"https:\/\/arqci.com.ar\/\"},{\"@type\":\"ListItem\",\"position\":2,\"name\":\"Contacto\"}]},{\"@type\":\"WebSite\",\"@id\":\"https:\/\/arqci.com.ar\/#website\",\"url\":\"https:\/\/arqci.com.ar\/\",\"name\":\"ARQCI\",\"description\":\"Arquitectura con Instalaciones\",\"publisher\":{\"@id\":\"https:\/\/arqci.com.ar\/#organization\"},\"potentialAction\":[{\"@type\":\"SearchAction\",\"target\":{\"@type\":\"EntryPoint\",\"urlTemplate\":\"https:\/\/arqci.com.ar\/?s={search_term_string}\"},\"query-input\":{\"@type\":\"PropertyValueSpecification\",\"valueRequired\":true,\"valueName\":\"search_term_string\"}}],\"inLanguage\":\"es\"},{\"@type\":\"Organization\",\"@id\":\"https:\/\/arqci.com.ar\/#organization\",\"name\":\"ARQCI\",\"url\":\"https:\/\/arqci.com.ar\/\",\"logo\":{\"@type\":\"ImageObject\",\"inLanguage\":\"es\",\"@id\":\"https:\/\/arqci.com.ar\/#\/schema\/logo\/image\/\",\"url\":\"http:\/\/arqci.com.ar\/wp-content\/uploads\/2022\/03\/imagen-predeterminada.png\",\"contentUrl\":\"http:\/\/arqci.com.ar\/wp-content\/uploads\/2022\/03\/imagen-predeterminada.png\",\"width\":300,\"height\":300,\"caption\":\"ARQCI\"},\"image\":{\"@id\":\"https:\/\/arqci.com.ar\/#\/schema\/logo\/image\/\"},\"sameAs\":[\"https:\/\/www.facebook.com\/arqdamianbustamante\/about\"]}]}<\/script>\n<!-- \/ Yoast SEO plugin. -->","yoast_head_json":{"title":"ARQCI | Arquitectura con Instalaciones","description":"Es un estudio donde se vincula la t\u00e9cnica y el dise\u00f1o de los edificios. Nos especializamos en resolver proyectos arquitect\u00f3nicos y llevarlos a cabo, considerando en particular las instalaciones, por contar con amplia experiencia en la ejecuci\u00f3n de las mismas. Somos un estudio de arquitectura emprendedor con vocacion de calidad, dise\u00f1o de vanguardia y busqueda de innovacion.Trabajamos con esfuerzo para ser un nuevo referente en la disciplina arquitectonica y lograr cumplir todas las expectativas de nuestros clientes.","robots":{"index":"index","follow":"follow","max-snippet":"max-snippet:-1","max-image-preview":"max-image-preview:large","max-video-preview":"max-video-preview:-1"},"canonical":"https:\/\/arqci.com.ar\/index.php\/contacto\/","og_locale":"es_ES","og_type":"article","og_title":"ARQCI | Arquitectura con Instalaciones","og_description":"Es un estudio donde se vincula la t\u00e9cnica y el dise\u00f1o de los edificios. Nos especializamos en resolver proyectos arquitect\u00f3nicos y llevarlos a cabo, considerando en particular las instalaciones, por contar con amplia experiencia en la ejecuci\u00f3n de las mismas. Somos un estudio de arquitectura emprendedor con vocacion de calidad, dise\u00f1o de vanguardia y busqueda de innovacion.Trabajamos con esfuerzo para ser un nuevo referente en la disciplina arquitectonica y lograr cumplir todas las expectativas de nuestros clientes.","og_url":"https:\/\/arqci.com.ar\/index.php\/contacto\/","og_site_name":"ARQCI","article_publisher":"https:\/\/www.facebook.com\/arqdamianbustamante\/about","article_modified_time":"2026-03-12T12:51:06+00:00","og_image":[{"width":300,"height":300,"url":"https:\/\/arqci.com.ar\/wp-content\/uploads\/2022\/03\/imagen-predeterminada.png","type":"image\/png"}],"twitter_card":"summary_large_image","twitter_misc":{"Tiempo de lectura":"1 minuto"},"schema":{"@context":"https:\/\/schema.org","@graph":[{"@type":"WebPage","@id":"https:\/\/arqci.com.ar\/index.php\/contacto\/","url":"https:\/\/arqci.com.ar\/index.php\/contacto\/","name":"ARQCI | Arquitectura con Instalaciones","isPartOf":{"@id":"https:\/\/arqci.com.ar\/#website"},"datePublished":"2022-03-24T16:20:44+00:00","dateModified":"2026-03-12T12:51:06+00:00","description":"Es un estudio donde se vincula la t\u00e9cnica y el dise\u00f1o de los edificios. Nos especializamos en resolver proyectos arquitect\u00f3nicos y llevarlos a cabo, considerando en particular las instalaciones, por contar con amplia experiencia en la ejecuci\u00f3n de las mismas. Somos un estudio de arquitectura emprendedor con vocacion de calidad, dise\u00f1o de vanguardia y busqueda de innovacion.Trabajamos con esfuerzo para ser un nuevo referente en la disciplina arquitectonica y lograr cumplir todas las expectativas de nuestros clientes.","breadcrumb":{"@id":"https:\/\/arqci.com.ar\/index.php\/contacto\/#breadcrumb"},"inLanguage":"es","potentialAction":[{"@type":"ReadAction","target":["https:\/\/arqci.com.ar\/index.php\/contacto\/"]}]},{"@type":"BreadcrumbList","@id":"https:\/\/arqci.com.ar\/index.php\/contacto\/#breadcrumb","itemListElement":[{"@type":"ListItem","position":1,"name":"Home","item":"https:\/\/arqci.com.ar\/"},{"@type":"ListItem","position":2,"name":"Contacto"}]},{"@type":"WebSite","@id":"https:\/\/arqci.com.ar\/#website","url":"https:\/\/arqci.com.ar\/","name":"ARQCI","description":"Arquitectura con Instalaciones","publisher":{"@id":"https:\/\/arqci.com.ar\/#organization"},"potentialAction":[{"@type":"SearchAction","target":{"@type":"EntryPoint","urlTemplate":"https:\/\/arqci.com.ar\/?s={search_term_string}"},"query-input":{"@type":"PropertyValueSpecification","valueRequired":true,"valueName":"search_term_string"}}],"inLanguage":"es"},{"@type":"Organization","@id":"https:\/\/arqci.com.ar\/#organization","name":"ARQCI","url":"https:\/\/arqci.com.ar\/","logo":{"@type":"ImageObject","inLanguage":"es","@id":"https:\/\/arqci.com.ar\/#\/schema\/logo\/image\/","url":"http:\/\/arqci.com.ar\/wp-content\/uploads\/2022\/03\/imagen-predeterminada.png","contentUrl":"http:\/\/arqci.com.ar\/wp-content\/uploads\/2022\/03\/imagen-predeterminada.png","width":300,"height":300,"caption":"ARQCI"},"image":{"@id":"https:\/\/arqci.com.ar\/#\/schema\/logo\/image\/"},"sameAs":["https:\/\/www.facebook.com\/arqdamianbustamante\/about"]}]}},"_links":{"self":[{"href":"https:\/\/arqci.com.ar\/index.php\/wp-json\/wp\/v2\/pages\/30","targetHints":{"allow":["GET"]}}],"collection":[{"href":"https:\/\/arqci.com.ar\/index.php\/wp-json\/wp\/v2\/pages"}],"about":[{"href":"https:\/\/arqci.com.ar\/index.php\/wp-json\/wp\/v2\/types\/page"}],"author":[{"embeddable":true,"href":"https:\/\/arqci.com.ar\/index.php\/wp-json\/wp\/v2\/users\/1"}],"replies":[{"embeddable":true,"href":"https:\/\/arqci.com.ar\/index.php\/wp-json\/wp\/v2\/comments?post=30"}],"version-history":[{"count":7,"href":"https:\/\/arqci.com.ar\/index.php\/wp-json\/wp\/v2\/pages\/30\/revisions"}],"predecessor-version":[{"id":496,"href":"https:\/\/arqci.com.ar\/index.php\/wp-json\/wp\/v2\/pages\/30\/revisions\/496"}],"wp:attachment":[{"href":"https:\/\/arqci.com.ar\/index.php\/wp-json\/wp\/v2\/media?parent=30"}],"curies":[{"name":"wp","href":"https:\/\/api.w.org\/{rel}","templated":true}]}}